 be 2 + (1 - 2) + 0. Let m be (a/(-2))/(3/24). What are the prime factors of m/22 + 290/22?
13
Let c be 12/(-4)*1/(-3). Let m be c/3 + 19/(-3). Let v = m - -23. List the prime factors of v.
17
Suppose 19*a + 71447 = 56*a. What are the prime factors of a?
1931
Suppose 177*z - 3*c = 181*z - 5435, 3*z + c - 4075 = 0. List the prime factors of z.
2, 7, 97
Let q(y) = -68*y + 73. Let u be q(1). Let k(c) = -c**3 + 1 + 8*c**2 - 3 - c - 4*c. List the prime factors of k(u).
2, 3
List the prime factors of 1/(-24)*-3*808.
101
Suppose 3*i - f = -52, 3*f = i - 1 + 5. Let z = -4 - i. What are the prime factors of z?
3, 5
List the prime factors of ((-104)/(-2))/(-14*(-1)/119).
2, 13, 17
Suppose -5*l = 10*l - 4710. What are the prime factors of -4*(l*(-1)/4 - -3)?
2, 151
Let r(x) = x**3 + 2*x**2 - 3*x + 4. Let s be r(-3). Let p = -39 + 44. Suppose -p*v - 136 = -s*q, 0 = -0*q - q + v + 35. List the prime factors of q.
3, 13
What are the prime factors of 9434/14 - (-23)/161?
2, 337
Let z be (-10)/2*((-180)/25)/(-3). List the prime factors of (-6 - 1470/z)*1*2.
233
List the prime factors of ((-1192)/(-7 + 5))/((-6)/(-3)).
2, 149
List the prime factors of 30*((-3423)/(-35) - -5) - -6.
2, 3, 5, 103
Suppose -y + 3*y = 0. Suppose y = -7*c + 6*c + 4. Suppose -3*i + j = -22, -4*i + c*j - 8 + 48 = 0. List the prime factors of i.
2, 3
Suppose -2*f - 2*v + 150 = -6*v, 2*f - 138 = v. Let a = -10 + f. List the prime factors of a.
3, 19
Suppose 134195 - 38237 = 54*j. List the prime factors of j.
1777
Let r = 24 + -27. List the prime factors of (-10 - -3 - -2)*(-15 + r).
2, 3, 5
What are the prime factors of 3597 + ((-483)/70 - (-1)/(-10))?
2, 5, 359
Suppose 0 = -6*n + 5581 - 1495. What are the prime factors of n?
3, 227
Suppose -5208 = -16*b + 2*b. List the prime factors of b.
2, 3, 31
Suppose 484 = -12*f + 8*f. Let p be 1/((-364)/f + -3). Suppose -5*l + p = -9. List the prime factors of l.
2, 13
Let x(d) be the third derivative of -d**6/120 + 2*d**5/15 + 5*d**4/24 - 17*d**3/6 - 2*d**2. List the prime factors of x(7).
67
Let p(i) = 0*i + 18 - 20 + 2*i + 11*i. List the prime factors of p(11).
3, 47
Suppose 0*c + 2367 = 3*c - 3*w, -5*c + 3*w + 3939 = 0. What are the prime factors of c?
2, 3, 131
Let r(h) = h**2 - 4*h - 2. Let f be r(5). Suppose f*q + 1 + 8 = 0. Let b(d) = -4*d + 2. List the prime factors of b(q).
2, 7
Let p(t) = 248*t**2. Let w be p(-1). Let g be (-1)/(-2)*w/(-4). Let k = 0 - g. List the prime factors of k.
31
Suppose 0 = -3*t - 16 + 10. Let j be (t - 1*-168) + 1. Suppose -27 + j = 4*f + a, 4*f = -5*a + 124. List the prime factors of f.
2, 3
Let g(k) = -48*k**3 + k**2 - 1. Let p be (-247)/285 + (-4)/30. What are the prime factors of g(p)?
2, 3
Let v = -4 + 8. Suppose v*m + 3 + 5 = 0. Let w = 6 - m. What are the prime factors of w?
2
Suppose 8 + 82 = -5*p. What are the prime factors of (-1876)/p + (-4)/18?
2, 13
Suppose 6514 = -3*m + 6*m + 2*c, -5*m = 4*c - 10854. List the prime factors of m.
2, 1087
Let g(m) = 21*m**3 - 2*m**2 - 15*m + 1. List the prime factors of g(5).
41, 61
Let b be -2*1/4 - 5/(-2). Suppose -4*k = v - 54, v - 41 = -b*k - k. List the prime factors of k.
13
Suppose -4*y = -4*f, 2*y + 4*f = 5 + 13. Let g(h) = 2*h - 4*h**3 - h + 9*h**y - 3*h**2. What are the prime factors of g(2)?
2, 3, 5
Let u be (-3 + 1)*26/(-13). Suppose -u*n + 232 = -4*w, -4*n + 274 = 2*w + 24. Suppose -2*s - n = -3*s. What are the prime factors of s?
61
What are the prime factors of (24/(-32))/((-11)/30756)?
3, 233
Let h(n) = 78*n + 10. Let k be h(-3). Let l = k + 342. List the prime factors of l.
2, 59
Suppose 5*l - 36 + 386 = 0. Let d = 98 + l. List the prime factors of d.
2, 7
Let v(y) = -y**2 - 4*y + 8. Let n be v(-5). Let t(k) = 86*k + 13. List the prime factors of t(n).
271
Suppose -3*s = 3*p + 56 - 536, 640 = 4*s + 2*p. List the prime factors of s.
2, 5
Let g = 25 + -21. Suppose 3*b - 218 = g*d, -b - 5*d - 37 = -97. What are the prime factors of b?
2, 5, 7
Let c = -398 + 484. List the prime factors of c.
2, 43
Suppose 0 = 4*o - 16, 2*o - 295 = 5*g + 143. Suppose -4*d + 456 = 3*h, -4*d + 435 = 3*h - 7*d. Let c = h + g. What are the prime factors of c?
2, 31
Suppose -5*h + 10*h = 1005. Suppose -2*y = -5*y + h. Let t = -33 + y. What are the prime factors of t?
2, 17
Let o = -40 - -108. Suppose -o*w + 73*w = 185. What are the prime factors of w?
37
Suppose -123 = 9*u - 3210. What are the prime factors of u?
7
Suppose 6*q - q + 93 = 3*z, -5*q - 2*z = 88. Let d = q - -31. List the prime factors of d.
13
Suppose 0 = -28*u + 1210 + 1058. List the prime factors of u.
3
Let o(i) = i**3 - 7*i**2 + 6*i + 2. Let h be o(6). Let x = 2 - h. Suppose x = 3*c - 9 - 21. List the prime factors of c.
2, 5
Let u be (92/6)/(440/(-72) + 6). Let n = -59 - u. What are the prime factors of n?
79
Suppose -2*m + 1548 = x + 439, -5*m - 2*x + 2771 = 0. What are the prime factors of m?
7, 79
Suppose 2 = -10*h + 11*h. Suppose 3*c - 4*c + 6 = j, -3*c + 8 = h*j. List the prime factors of j.
2, 5
Let r be (-12)/(-3 - -6 - 4). Let m be (-6)/(-10) - 2/(-5). Suppose -m = h - r. What are the prime factors of h?
11
Let u be 5*(12/15)/1. Let h(c) = 2*c - 8. Let a be h(u). Suppose v - 11 - 24 = a. List the prime factors of v.
5, 7
Let v be (-3)/5 - (-1470)/(-50). Let t be (-6)/(-3)*v/(-4). What are the prime factors of t*(1 - 2/6)?
2, 5
Suppose i - 5*i = -12. Suppose 28 = 5*h - 2. Let o = h - i. List the prime factors of o.
3
Let r be -572*(0 - 9/6). Suppose z + r = 12*z. List the prime factors of z.
2, 3, 13
Suppose 5*i - 13022 = -y, -3*i + i + 5198 = 4*y. What are the prime factors of i?
5, 521
Let w be 20/(-8) + 6/4. Let g be w/(0 + 3/(-6)). Suppose 4*z = 5*m - 81, -3*z = g*m - 5 - 9. List the prime factors of m.
13
Let m(r) = -r**2 - 13*r - 7. Let c be m(-12). List the prime factors of 15*c + 12/3.
79
Let x be (-9 - 356) + ((-3)/(-1) - 1). Let g = -249 - x. List the prime factors of g.
2, 3, 19
Let f(d) = 15*d + 34. Let u be f(22). Suppose 0 = -2*i - j + 124 + 62, 4*i + 4*j - u = 0. List the prime factors of i.
5, 19
Suppose -3*q + 2414 = -793. List the prime factors of q.
1069
Let a(h) = h**2 - 16*h - 14. Let o be a(17). Suppose -2*j + 64 = o*q, -5*q + 4*j - 6*j = -108. List the prime factors of q.
2, 11
Let p be 2/6 + 35/21. What are the prime factors of ((-17)/3 - 1)/(p/(-15))?
2, 5
Let z = 12 - -8. Let l = z + -51. Let s = l - -48. What are the prime factors of s?
17
Suppose -15 = -5*y, 4*v = -2*y + 4*y + 22. Let r = -282 - -285. Suppose -r*p = 4*d, -2*d = -4*p - v*d + 1. List the prime factors of p.
2
Let y(j) = -j**2. Let g(c) = 5*c**2 - 6. Let k(s) = -g(s) - 6*y(s). List the prime factors of k(7).
5, 11
Suppose o - 4*c - 281 = 0, -3*o + 146 = -2*c - 667. What are the prime factors of o?
269
Let q(z) = z**3 - 9*z**2 + 6*z + 3. Suppose 40 = 3*s + f + 10, 2*s + 4*f = 30. List the prime factors of q(s).
3, 19
Let x = -6 - -8. List the prime factors of 704/(-112)*(-7)/x.
2, 11
Suppose 3*o + 6 = 5*t, 3*o - 4*t + 1 = -5. Let d be 1396/36 + o/(-9). Let s = -19 + d. What are the prime factors of s?
2, 5
Let o(z) = -z - 1. Let m be o(-8). Suppose -m + 27 = -5*l. List the prime factors of 18/3 - (-16)/l.
2
Let f(p) be the second derivative of p**4/3 + p**3/6 - p**2 + 39*p. List the prime factors of f(-4).
2, 29
Let c(l) = l - 2. Let m(o) = -o**3 - 9*o**2 - 4. Let n be m(-9). Let w be 4*2*(-2)/n. List the prime factors of c(w).
2
What are the prime factors of -9*(-4)/(-12) - -7 - -1626?
2, 5, 163
Let q(p) = -p**3 + 6*p**2 + 6*p + 7. Let g be q(8). Let b = g - -132. Let h = b - 29. List the prime factors of h.
2, 3, 5
Let i(m) = 2*m**2 + 22*m - 5. Suppose 0 = 3*p - 0*p + 45. List the prime factors of i(p).
5, 23
Let c = 85 - 24. Let y = 126 - c. What are the prime factors of y?
5, 13
Suppose 5*f = -4*o + 8, o = 3*f + 5*o - 8. Suppose -3*g + 2*g + 94 = f. List the prime factors of g.
2, 47
Let i = 12 - 24. List the prime factors of (27/i)/(2/(-8)).
3
Suppose 9 = 3*z + 4*k, -3*k - 5 - 1 = -2*z. Suppose 2*i - 2*a - 36 = -2*i, -z*i = 2*a - 13. Suppose -r + i - 3 = 0. What are the prime factors of r?
2
Let a(p) = 7*p**2 + 30*p - 205. What are the prime factors of a(21)?
2, 439
Let s be (1 - 5/(-1))*(-21 - -103). Let a = s + -224. List the prime factors of a.
2, 67
Let o be (-4)/14 + (1 - 30/(-7)). Suppose 6*t -